en 1565844 is divided by 227?
225
What is the remainder when 11259 is divided by 1409?
1396
What is the remainder when 74469 is divided by 313?
288
What is the remainder when 14518 is divided by 99?
64
Calculate the remainder when 8235 is divided by 265.
20
What is the remainder when 20281 is divided by 109?
7
What is the remainder when 161534 is divided by 699?
65
Calculate the remainder when 316525 is divided by 105504.
13
Calculate the remainder when 36489 is divided by 6081.
3
Calculate the remainder when 68863 is divided by 942.
97
What is the remainder when 11125 is divided by 84?
37
What is the remainder when 5796 is divided by 153?
135
Calculate the remainder when 1442461 is divided by 24041.
1
What is the remainder when 45912 is divided by 22952?
8
What is the remainder when 16240 is divided by 1624?
0
Calculate the remainder when 125335 is divided by 1765.
20
Calculate the remainder when 124 is divided by 37.
13
Calculate the remainder when 518 is divided by 167.
17
Calculate the remainder when 53342 is divided by 22.
14
What is the remainder when 1599 is divided by 20?
19
Calculate the remainder when 478 is divided by 467.
11
Calculate the remainder when 31229 is divided by 32.
29
What is the remainder when 43178 is divided by 50?
28
What is the remainder when 672148 is divided by 69?
19
What is the remainder when 1341 is divided by 210?
81
Calculate the remainder when 311473 is divided by 62292.
13
Calculate the remainder when 2363 is divided by 2011.
352
Calculate the remainder when 82566 is divided by 939.
873
What is the remainder when 14724 is divided by 1840?
4
Calculate the remainder when 1935 is divided by 45.
0
Calculate the remainder when 1589 is divided by 274.
219
Calculate the remainder when 14256 is divided by 148.
48
Calculate the remainder when 386307 is divided by 128763.
18
Calculate the remainder when 4415 is divided by 50.
15
Calculate the remainder when 7307 is divided by 1825.
7
Calculate the remainder when 593880 is divided by 43.
7
What is the remainder when 1786 is divided by 2?
0
Calculate the remainder when 5499 is divided by 1371.
15
Calculate the remainder when 88810 is divided by 88802.
8
Calculate the remainder when 158155 is divided by 333.
313
What is the remainder when 2861 is divided by 324?
269
What is the remainder when 6135 is divided by 2031?
42
Calculate the remainder when 33477 is divided by 345.
12
What is the remainder when 4021 is divided by 86?
65
What is the remainder when 212529 is divided by 308?
9
Calculate the remainder when 12462 is divided by 41.
39
What is the remainder when 35094 is divided by 110?
4
Calculate the remainder when 1222 is divided by 364.
130
What is the remainder when 112129 is divided by 428?
421
Calculate the remainder when 1152916 is divided by 288229.
0
What is the remainder when 119034 is divided by 92?
78
Calculate the remainder when 76600 is divided by 491.
4
What is the remainder when 35945 is divided by 43?
40
Calculate the remainder when 1226971 is divided by 613481.
9
What is the remainder when 3586 is divided by 360?
346
What is the remainder when 43587 is divided by 71?
64
What is the remainder when 9925 is divided by 2474?
29
Calculate the remainder when 5048 is divided by 262.
70
What is the remainder when 16588 is divided by 8?
4
Calculate the remainder when 7633 is divided by 1261.
67
Calculate the remainder when 21660 is divided by 87.
84
Calculate the remainder when 2961 is divided by 822.
495
Calculate the remainder when 642014 is divided by 421.
410
What is the remainder when 424 is divided by 232?
192
Calculate the remainder when 33318 is divided by 392.
390
What is the remainder when 127292 is divided by 11?
0
What is the remainder when 50379 is divided by 5595?
24
What is the remainder when 260245 is divided by 86744?
13
What is the remainder when 4698 is divided by 602?
484
What is the remainder when 3813 is divided by 769?
737
What is the remainder when 4591 is divided by 4584?
7
What is the remainder when 10612 is divided by 112?
84
What is the remainder when 162498 is divided by 1113?
0
What is the remainder when 15487 is divided by 30?
7
What is the remainder when 597907 is divided by 67?
66
What is the remainder when 94157 is divided by 354?
347
What is the remainder when 214970 is divided by 853?
14
What is the remainder when 340623 is divided by 28383?
27
What is the remainder when 491519 is divided by 163839?
2
Calculate the remainder when 5019 is divided by 16.
11
What is the remainder when 40596 is divided by 9?
6
Calculate the remainder when 9735 is divided by 3187.
174
What is the remainder when 343 is divided by 163?
17
What is the remainder when 8948 is divided by 416?
212
What is the remainder when 17799 is divided by 1280?
1159
What is the remainder when 314145 is divided by 28557?
18
What is the remainder when 8731 is divided by 1706?
201
What is the remainder when 37449 is divided by 230?
189
Calculate the remainder when 16125 is divided by 131.
12
What is the remainder when 4786 is divided by 8?
2
Calculate the remainder when 295451 is divided by 18.
17
What is the remainder when 14374 is divided by 532?
10
Calculate the remainder when 409976 is divided by 240.
56
What is the remainder when 85524 is divided by 253?
10
What is the remainder when 485583 is divided by 89?
88
What is the remainder when 17882 is divided by 281?
179
What is the remainder when 5208 is divided by 33?
27
Calculate the remainder when 13522 is divided by 4498.
28
Calculate the remainder when 10386 is divided by 10137.
249
Calculate the remainder when 4729 is divided by 1143.
157
Calculate the remainder when 6558 is divided by 325.
58
Calculate the remainder when 1686 is divided by 98.
20
What is the remainder when 346069 is divided by 362?
359
What is the remainder when 6193 is divided by 6187?
6
What is the remainder when 6210 is divided by 391?
345
Calculate the remainder when 456296 is divided by 77.
71
Calculate the remainder when 6897 is divided by 1377.
12
What is the remainder when 1178681 is divided by 119?
105
What is the remainder when 65154 is divided by 7238?
12
Calculate the remainder when 952111 is divided by 23.
3
What is the remainder when 2252 is divided by 379?
357
Calculate the remainder when 75044 is divided by 165.
134
Calculate the remainder when 67598 is divided by 40.
38
Calculate the remainder when 10037 is divided by 418.
5
What is the remainder when 378869 is divided by 323?
313
Calculate the remainder when 6841 is divided by 324.
37
What is the remainder when 1648 is divided by 1494?
154
Calculate the remainder when 2326 is divided by 562.
78
What is the remainder when 42863 is divided by 42850?
13
Calculate the remainder when 196219 is divided by 1962.
19
What is the remainder when 2034206 is divided by 56?
6
Calculate the remainder when 1910 is divided by 319.
315
Calculate the remainder when 116571 is divided by 1297.
1138
Calculate the remainder when 9236 is divided by 113.
83
What is the remainder when 685 is divided by 217?
34
Calculate the remainder when 29027 is divided by 186.
11
What is the remainder when 1435 is divided by 226?
79
Calculate the remainder when 58091 is divided by 1236.
1235
Calculate the remainder when 10325 is divided by 859.
17
Calculate the remainder when 5911 is divided by 141.
130
What is the remainder when 14424 is divided by 1477?
1131
Calculate the remainder when 2232 is divided by 279.
0
Calculate the remainder when 1490983 is divided by 379.
376
What is the remainder when 1179 is divided by 88?
35
Calculate the remainder when 14644 is divided by 342.
280
What is the remainder when 3370330 is divided by 255?
250
Calculate the remainder when 11232 is divided by 10932.
300
Calculate the remainder when 31744 is divided by 30.
4
Calculate the remainder when 12430 is divided by 241.
139
Calculate the remainder when 90150 is divided by 118.
116
Calculate the remainder when 5447 is divided by 1801.
44
What is the remainder when 8480 is divided by 137?
123
Calculate the remainder when 306900 is divided by 14614.
6
What is the remainder when 13775 is divided by 1721?
7
Calculate the remainder when 74972 is divided by 143.
40
What is the remainder when 34413 is divided by 72?
69
Calculate th